3*g - 4*v + 629, -v + 587 = -5*g + 1643. What are the prime factors of g?
211
Let w(i) = i**3 - 5*i**2 - 5*i - 7. List the prime factors of w(8).
5, 29
Suppose -18 = -3*y - 6. Suppose 0 = y*k + k - 25. What are the prime factors of k?
5
Let j(s) = -s**2 + 6*s + 7. Let l be j(9). Let u = -1 - l. List the prime factors of u.
19
Suppose -3*s + 14 = 3*a - 5*a, -4*a = 4*s - 32. Let n = 22 - s. List the prime factors of n.
2
Suppose 348 = 4*u - 2*z, -4*z + 14 = -2. Suppose -5*x - 3*n = -u, 2*n = -2*x - 2*n + 44. What are the prime factors of x?
2
Suppose 1 = -2*j - 1. Suppose 7 + 3 = f. List the prime factors of f - (-1 + 1 - j).
3
Let b = -3 + 6. Let s = b - -13. What are the prime factors of s?
2
Let h(b) = 11*b - 7. Suppose -2*i + 12 = 5*n, 3*n - 5*i = 6*n - 11. What are the prime factors of h(n)?
3, 5
Let p be 4 - -2 - (0 + 2). Suppose -p*h = -2*h - 120. Suppose 6*o - h = o. List the prime factors of o.
2, 3
Let g(b) = -b + 22. Let z be g(13). Let w(d) = -d**2 + 13*d - 1. List the prime factors of w(z).
5, 7
Let t = -3 - -10. Let k = t + -3. What are the prime factors of k?
2
Let r = -10 - -1. Let t = 10 + r. Suppose q = t + 2. What are the prime factors of q?
3
List the prime factors of (4/(16/6))/((-6)/(-12)).
3
Suppose u - 5*u = -140. What are the prime factors of u?
5, 7
Let g(q) = q**2 + q - 2. Let z be g(-2). Let r = z - -24. What are the prime factors of r?
2, 3
Let a = 1 - 8. Let m = a - -2. Let z = m - -7. List the prime factors of z.
2
Let v(b) = -b**3 + 16*b**2 - 36*b + 11. List the prime factors of v(13).
2, 5
Let d be 80/(-50)*5/(-2). Suppose d = 3*l - 4*z, -l + 6*l + 2*z = 24. What are the prime factors of l?
2
Let r = 53 - 39. What are the prime factors of r?
2, 7
Let j(w) = -w - 8. Let g be j(-8). Suppose 2*k - 19 - 49 = g. Let o = k - 12. List the prime factors of o.
2, 11
Let v(g) = -g + 7. Suppose 2*o + 3*c = -1, 2*o + c = -0 - 7. Let h be v(o). What are the prime factors of (152/h)/(2/3)?
19
Suppose -5*x - 32 = 3*c, 5*x - c + 4 = 3*c. Let n(w) = -w**3 - 2*w**2 - 2*w - 3. What are the prime factors of n(x)?
37
Suppose -2*q - 2*o = -126, 69 = 2*q - 4*o - 51. What are the prime factors of q?
2, 31
Let g = 16 + 66. What are the prime factors of g?
2, 41
Let s(m) = m**3 - 4*m - 9. List the prime factors of s(5).
2, 3
Let t(q) be the third derivative of -q**2 + 0 - 3/2*q**3 + 1/4*q**4 + 1/60*q**5 + 0*q. List the prime factors of t(-8).
7
Let x(i) = 4*i**3 - 5*i**3 - 2 + 5*i + 6*i**2 - 1. What are the prime factors of x(6)?
3
Let p = 153 + -58. What are the prime factors of p?
5, 19
List the prime factors of (-1)/((-4)/(-2)*(-20)/2440).
61
List the prime factors of (-1*(0 - -1))/((-22)/154).
7
Let v(i) = i - 4 + 1 + 1. What are the prime factors of v(7)?
5
Let n(m) = 2*m - 8. Let z = 2 + 4. Let c be n(z). Suppose -4*q + 2*b = -2*q - 28, 52 = 5*q + c*b. List the prime factors of q.
2, 3
Let q be 1/((10/18)/5). Suppose 4*g + q = 37. What are the prime factors of g?
7
Let c(i) = i**3 - 2*i**2 + 2*i + 3. Let a(h) = h + 7. Let q be a(-4). Let s be c(q). Suppose -l - 2*l = -s. List the prime factors of l.
2, 3
Let o(v) = -3*v**3 + 9*v**2 - 10*v - 5. Let j(p) = 4*p**3 - 10*p**2 + 11*p + 6. Let x(a) = -2*j(a) - 3*o(a). What are the prime factors of x(6)?
3, 5
List the prime factors of 124 - -63 - 0/(-1*1).
11, 17
Let a = -6 - -11. Suppose a*v = 12 - 2. What are the prime factors of (4*(-3 + v))/(-1)?
2
Let i = -11 - -36. What are the prime factors of i?
5
Let f(c) = -c**3 + c**2 - c + 16. Let o be f(0). Let p(j) = -2*j - 3. Let q be p(-6). Let s = o - q. What are the prime factors of s?
7
Suppose 104 = -z + 5*z. What are the prime factors of z?
2, 13
Suppose -w + 2*x = -71, -5*w + 4*x + 61 = -4*w. What are the prime factors of w?
3
Suppose -4*g + 9*g = 0. Suppose 0*m - 2*m - 8 = g. List the prime factors of 92/8 + 6/m.
2, 5
Suppose -c + 3 = 9. Let l = -1 - c. What are the prime factors of l?
5
Let o(n) = n**2 + n + 3. List the prime factors of o(-3).
3
Suppose 0*k = -3*k + 66. Suppose 0 = -0*z + z - k. List the prime factors of (-3)/9 - z/(-3).
7
Let j = 1 - 0. Let m = j - -41. Suppose -r + m = r. What are the prime factors of r?
3, 7
Let j = 1 + -2. Let a(l) = -12*l. Let r(u) = u. Let g(b) = a(b) + 2*r(b). What are the prime factors of g(j)?
2, 5
Suppose 0 = -4*i + 4, 318 = 5*q + i - 3*i. What are the prime factors of q/12*18/4?
2, 3
Let z = -12 + 30. What are the prime factors of (5 + 1)/(6/z)?
2, 3
Suppose -13*w + 148 = -9*w. Suppose -5*d + w = -8. What are the prime factors of d?
3
Suppose 0*n - 2*n = -8. Suppose n*r + 141 = 3*s, -3*s - 4*r - 9 = -126. What are the prime factors of s?
43
Suppose -8*j + 314 = 42. List the prime factors of j.
2, 17
Let y(w) = 6*w**2 + 5*w. Let z(s) = 12*s**2 + 9*s. Let h(n) = -11*y(n) + 6*z(n). List the prime factors of h(1).
5
Suppose 3*o = 5*k + 49, 0 = o - 3*o - 3*k + 1. Suppose 4*p - o = -j + 30, j = 5*p + 38. What are the prime factors of j?
2, 19
Let t(p) = 2*p - 4. Suppose 40 = 3*f + f. List the prime factors of t(f).
2
Let u(y) = y**3 + 5*y**2 + 3*y. Let o be u(-3). Let i = o - 0. List the prime factors of i.
3
Let f(g) = -6*g - 4. Let o(a) = 17*a + 12. Let p(j) = -8*f(j) - 3*o(j). What are the prime factors of p(-6)?
2, 7
Let l(j) = -j. Let c be l(-13). Suppose 3*b - 1 = -c. List the prime factors of b/18 - 460/(-45).
2, 5
Let m be -5*1*(-42)/15. List the prime factors of 8/12*3*m.
2, 7
Let v(n) = -n + 6. Let q be v(3). Suppose -q = 2*y - 3*y. What are the prime factors of y?
3
Let t(z) = -z**2 + 9*z - 10. Let q be t(7). Suppose 2*x = q*x - 4. Suppose x*d + 9 = 3*d. What are the prime factors of d?
3
Let z be 3/9 - (-21)/(-9). Let p = z - -5. What are the prime factors of p?
3
Let g(c) = c**2 + 6*c - 2. Let h be g(-7). Let d = 1 + h. What are the prime factors of d?
2, 3
Suppose 4*j = 2 - 10. Let d = 18 + j. List the prime factors of d.
2
Let a(x) = x**2 + 5*x + 1. Let h be a(-5). Let n = h + 2. What are the prime factors of n?
3
Suppose -5*o + 11 = -2*d, -4*o = 5*d - 29 + 7. Suppose -q + o*q = -10. List the prime factors of ((-40)/(-25))/((-1)/q).
2
Suppose 5 = -4*m + 17. Suppose t - 4*v = -3 - m, 4*v - 8 = 0. List the prime factors of t.
2
Suppose -2*s - 2*y = 1 - 15, 3*s - 31 = -5*y. Suppose 4*q + s*b = 18, 3*q + 3*b = -q + 17. List the prime factors of q.
5
Let m = -6 - -12. Let g = 16 - m. List the prime factors of g.
2, 5
Suppose -l + 13 = -0*l. Let g = l - 6. List the prime factors of g.
7
Let g = 3 + 4. Let v(i) = -4*i - i**3 - 5*i + g + 9*i**2 + 3. List the prime factors of v(8).
2
Let k = -6 + 12. List the prime factors of 13/2 - k/(-4).
2
Let i be 58/10 - (-3)/15. Let a = -6 + i. Suppose 4*l - 27 - 25 = a. What are the prime factors of l?
13
Let w be 0*(-1)/(-6)*-2. Let k(l) = -1 + 2*l + w*l - l. List the prime factors of k(7).
2, 3
Let w(q) = -q**2 - 5*q - 2. Let g be w(-3). Let i(x) = x**3 - 3*x**2 - 3*x - 1. Let y be i(g). What are the prime factors of (-1)/y + (-32)/(-6)?
5
Let n(a) = 3*a - 4. Let h be n(3). Let r be (-161)/(-49) + 2/(-7). Let g = h - r. What are the prime factors of g?
2
Let o = 78 + -23. List the prime factors of o.
5, 11
Suppose -3*v = -5*v + 162. List the prime factors of v.
3
Let w(a) = a + 2. Let j = 2 - 0. Let h be 0 + 2 - j - -6. List the prime factors of w(h).
2
Let n(o) = 5*o**3 + o**2 - 3*o - 1. List the prime factors of n(2).
37
Suppose 4*r = 3*a + 5*r - 81, -5*r = -2*a + 71. Suppose -2*k = 29 + 3. Let v = k + a. What are the prime factors of v?
2, 3
Let o be (-1)/(-4) - 77/(-44). Suppose -o*g - 8 = 0, 3*f - 37 - 48 = 4*g. What are the prime factors of f?
23
Suppose i - 1 = 5. Suppose 5*k = -5*c + 50, -k = -i*k + 5*c + 20. List the prime factors of k.
7
Let h(s) = -2*s**2 - 49*s - 24. What are the prime factors of h(-23)?
3, 5
Suppose 0*r = -2*r + 8. Suppose -q + 2*m + 2*m = 3, 0 = r*q + m - 22. Suppose -29 = -q*h + 16. What are the prime factors of h?
3
Let b(n) = -n**3 + 7*n**2 - 4*n - 4. What are the prime factors of b(6)?
2
Suppose 19 = 5*j - 36. Suppose -2*h + j = -h. What are the prime factors of h?
11
Suppose -2*o - 2*z = -100, 0*z + 158 = 3*o + z. List the prime factors of o.
2, 3
Let t(z) = -4*z - 14*z**2 + 10*z**2 + 1 + z + z. Let w be t(1). What are the prime factors of -1 + (-2 - 1)*w?
2, 7
Let q = -71 + 133. Let b = -29 + q. What are t